l + 2*v + 667 = 0, -2*v + 4 = -2. Is l composite?
False
Let f(n) = -41*n**3 - 9*n**2 - 2*n + 7. Is f(-7) a prime number?
False
Let i = -367 + 4568. Is i a composite number?
False
Let h(m) = 17*m - 4. Let a be h(3). Let b = a + -11. Suppose -f - b = -4*g, -g + 5*f = -2*g + 9. Is g composite?
True
Let q = 1662 + -1097. Is q prime?
False
Let c(h) = -58*h + 65. Let b = 102 + -111. Is c(b) a prime number?
True
Let h = 7320 - 4069. Is h a prime number?
True
Let q(d) be the third derivative of 0*d + 1/3*d**4 + d**2 + 0 + 1/12*d**5 - 7/6*d**3. Is q(6) a prime number?
False
Suppose -3*z + 2158 - 358 = 0. Let i = z - 325. Suppose -4*s + 201 = -i. Is s a prime number?
False
Suppose -4*m - 6511 + 1635 = 0. Let f = -102 - m. Is f a prime number?
True
Let w = -304 - -951. Is w composite?
False
Let w be (-6)/9*(1 + -4). Suppose 5*o + 344 = 2*g, -w*o = -0*g - g + 173. Is g prime?
False
Let k = -16 + 17. Let p be 0/((4/(-4))/k). Suppose p = -d - 4*q + 258, 0 = 3*d - 0*q + 3*q - 765. Is d prime?
False
Suppose 1636 = -3*c - 2*r + 15013, -5*r = -4*c + 17859. Is c prime?
False
Let s(x) = 18766*x**2 + 15*x - 8. Is s(1) a composite number?
False
Let b(p) = -7*p + 62. Let a be b(6). Is 5*(4 + 128/a + -1) prime?
True
Let g(j) = j + 12. Let z be g(-9). Suppose 4*u - z*h - 1037 = 0, -4*u - h + 1013 = 4*h. Is u composite?
False
Let r(u) = 9*u**2 + 39*u + 19. Is r(13) a prime number?
False
Is 271698/9 + 10/(-6) a prime number?
True
Let k(c) = 249*c - 19. Is k(8) a composite number?
False
Suppose 0 = -2*h + 9 - 1. Let t(w) = w**3 + 3*w**2 - 5*w - 4. Let d be t(-4). Suppose h*j + d*j - 2284 = 0. Is j a composite number?
False
Let b(a) = -10*a**3 + a**2 - 1. Let m be b(1). Let u(h) = -h - 7. Let i be u(m). Is (86*-4 - i)*-1 prime?
True
Let h be (0 - (-12)/21)*35/10. Is (-1 - -1105) + h/(-2) prime?
True
Let h(x) = 308*x**2 - 38*x + 81. Is h(-13) prime?
True
Let d(m) = 22*m**2 + 12*m - 27. Let i be d(11). Suppose -i = -4*r - 3*n, -3*r - n + 2076 = n. Is r a composite number?
True
Let p(k) = 6*k - 1. Let i(b) = -b**3 - 8*b**2 - 7*b + 1. Let t be i(-7). Let o be p(t). Suppose -2*c + 429 = 3*z, o*z - c = 4*z + 138. Is z prime?
False
Suppose 15 = -3*d, 4*q = -4*d + 3739 + 6233. Is q prime?
False
Is 3 - 3/((-21)/59206) prime?
True
Suppose 20*p - 37*p = -43826. Is p prime?
False
Suppose 4*d + 4*l - 3175 - 5473 = 0, -d + 2150 = -3*l. Is d a composite number?
True
Let g be -3 - -3 - (2 + 10). Is (-4780)/g - 2/6 prime?
False
Suppose -5*f + 27653 = 4*x, 5*f + 6882 = -18*x + 19*x. Is x a prime number?
True
Suppose 92 = 19*g - 17*g. Let n = g + 177. Is n composite?
False
Suppose x + 2*s - 933 = 70, -s = 4. Is x a prime number?
False
Let w(v) = 8*v**3 - v**2 - 3*v + 1. Let o = 42 + -38. Is w(o) a composite number?
True
Suppose -59880 = -27*l + 132387. Is l prime?
True
Let i(y) = 4*y**3 - 35*y**2 - 2*y - 266. Is i(17) prime?
False
Suppose 44 = 5*d + 14. Is ((-8)/d + -1)*411/(-1) a prime number?
False
Let w be (-1)/(-3)*0 - -2. Suppose 2*k + w*d - 164 = 3*d, 2*d + 164 = 2*k. Suppose 0 = 2*u + 3*p - k, u + 4*p = -u + 86. Is u composite?
True
Let l = -16 + 9. Let d = l + 10. Suppose d*u - 2*x - 763 = 0, 0 = 3*u + 2*u + 2*x - 1245. Is u composite?
False
Let s = 22712 - 11733. Is s prime?
True
Let m = 3374 - 1069. Is m a prime number?
False
Let k(l) = -l. Let a(i) = 5*i**2 - 12*i - 29. Let d(c) = a(c) - 2*k(c). Is d(-6) composite?
False
Let f(s) = -s**3 - 5*s**2 - 5*s + 1. Let i be f(-4). Suppose 4 = i*p + 74. Let k = p - -33. Is k a prime number?
True
Let h = -8 - -6. Let a be 1*(4 - (12 + h)). Let d(o) = -o**3 - 5*o**2 - 9*o - 7. Is d(a) a composite number?
False
Let g = 2364 + -857. Is g prime?
False
Suppose -3*f + 45 = 12*f. Is -1*63/(-14)*334/f prime?
False
Let t be (86 - -6)*(-3)/(-4). Suppose 2*b + 4*v - 134 = 0, b + 5*v - 10 = t. Is b a composite number?
False
Suppose 4*s + 5*a = 15 - 2, 0 = -3*s + 4*a + 2. Suppose -3*w - 192 = -3*y + s*w, -4*y = w - 233. Is y composite?
False
Let t(u) = -124*u - 31. Is t(-8) a composite number?
True
Let p(v) = -4*v**2 - 12*v - 7. Let u(w) = -11*w**2 - 35*w - 21. Let g(o) = -17*p(o) + 6*u(o). Is g(16) composite?
False
Let b(k) = -5*k**3 - 50*k**2 - 20*k + 5. Is b(-24) a composite number?
True
Let l be 15/30*(0 - -5086). Suppose -5*s - l = -6*s. Is s a prime number?
True
Suppose 3*a + 41*m = 43*m + 60427, 0 = 3*a + 4*m - 60415. Is a composite?
True
Let s = -373 - -964. Is s prime?
False
Suppose -5*d = 2*i - 231683, -8*d + 4*i + 231689 = -3*d. Is d prime?
True
Suppose 2*z + 18 = 3*p, -2*p + p + 3*z - 1 = 0. Suppose p*n + 3016 = 16*n. Is n a prime number?
False
Let n(g) = g + 3. Let m be n(-1). Suppose -17 = z - m*z. Let f = z - -174. Is f composite?
False
Suppose -10*g = -277209 + 21979. Is g a composite number?
False
Let r(a) = -3*a**3 + 9*a**2 - 3*a - 3*a + 7 - 14. Is r(-5) prime?
False
Suppose 4*m - 2*b - 10 = -4*b, 5*m - 15 = -2*b. Is (4 - (-1214 + m))/1 a composite number?
False
Let c(y) = y**3 + 16*y**2 - 6*y - 3. Let d be (10/(-4))/((-10)/20). Suppose 14 = -d*x - 26. Is c(x) prime?
True
Let x(v) = -555*v - 3. Let h(r) = r**2 + 5*r - 4. Let u be h(-5). Let i be x(u). Suppose -2*t + i - 79 = 0. Is t a composite number?
False
Suppose -3*a + 2*d = -36, 3*d + 24 = 2*a + 6*d. Let s be (-4)/a - (-52)/12. Suppose s*n - 339 = n. Is n a prime number?
True
Let k(a) = 5 - 1 - 20*a + 0*a + 9. Is k(-14) prime?
True
Let o = 4 + -1. Suppose 19*c - 578 = 448. Suppose 5*z - 151 = 2*a, -4*a - 31 - c = -o*z. Is z a composite number?
False
Is (-167370)/(-10) + (-2)/(-1) composite?
True
Suppose 0 = -2*h - 3*h - 2*b - 6, 3 = 4*h - b. Suppose n + 2*n = h. Suppose n*y - 5*v - 3 = y, 4*v + 1 = -y. Is y a prime number?
True
Suppose -12 = -u - u. Let r(s) = -4*s**3 - 6*s**2 + 7*s - 12. Let p(y) = y**3 + 2*y**2 + 1. Let h(m) = 5*p(m) + r(m). Is h(u) composite?
True
Let k(p) be the third derivative of -53*p**4/24 - 11*p**3/6 - 12*p**2. Let j(d) = d - 2. Let a be j(-4). Is k(a) composite?
False
Let t(y) = -4*y**3 + 2*y**2 + y - 4. Let f be 2 + (-2 - -30)/(-4). Is t(f) a composite number?
False
Let d(u) = -961*u - 67. Is d(-6) composite?
True
Let j(d) = 10 + 15*d + 1 + d**3 + 0*d**3 + 4 + 18*d**2. Is j(-17) prime?
False
Suppose -5*x = -3*l - 13, x - 5*x + 5*l = 0. Suppose x*p = -244 - 81. Is 4/26 + (-2395)/p prime?
True
Suppose 2*x + 5*s + 2 = 12, 0 = -2*x + 2*s + 38. Is -142*(x/(-2) + 2) prime?
False
Let y(b) = -8*b**2 + b**3 + b + 2*b - 5 + 6*b. Let c be y(7). Is (30/c)/((-4)/(-30)) prime?
False
Let m(g) = -g + 1. Let i(v) = v**2 - 4*v - 5. Let u be 6/(-5)*(-10)/(-4). Let w(k) = u*m(k) + i(k). Is w(10) a prime number?
False
Let j(a) = 9 - 6*a - 9*a**2 + 24*a**2 + 26*a**2. Is j(4) prime?
True
Let u be -2 + 81 + -4 + 1 + 7. Suppose 250 = 4*r - 130. Suppose 2*q - r = u. Is q composite?
False
Suppose -2*j - s + 5*s + 618 = 0, 289 = j + 2*s. Suppose -p = 3*v + 15, 3*v + 15 = -2*p - 3*p. Suppose p*a = -a + j. Is a a prime number?
False
Let v be 3/(-1) + (30/5)/6. Is (8/(-2) - -131)/(v/(-14)) a prime number?
False
Suppose 4*o - 16 = 0, -b - o + 4749 = -1724. Is b a composite number?
False
Suppose 0*z + z = -3186. Let s be (8/(-6))/(6/z). Suppose -s - 611 = -4*c - o, 4*o + 1675 = 5*c. Is c composite?
False
Suppose 0 = 4*k + 5*o + 262, 3*k - o - o + 208 = 0. Is (-55029)/k + (-2)/8 prime?
True
Let y(h) = 2*h**3 - 11*h**2 - 69*h - 19. Is y(26) prime?
True
Suppose 0 = 26*h - 2404 - 10414. Is h a prime number?
False
Let u(r) = 2*r**2 + 2*r - 3. Suppose -a = -6*a - 55. Is u(a) a prime number?
False
Let h(a) = -a**3 + 12*a**2 + 2*a - 18. Let b be h(12). Let w(g) = -g**3 + 16*g**2 + 6*g - 5. Let f be w(16). Let l = f + b. Is l a composite number?
False
Let i(w) = -w**3 - 5*w**2 + 6*w + 27. Let j be i(-11). Suppose -j = -2*o + 323. Is o prime?
False
Suppose -4*h - o - 4 = -20, -4*h - 4*o + 4 = 0. Suppose -h*k + i = 89 - 265, -i = 1. Is k a composite number?
True
Suppose 5*a + z + 0*z = -3390, 2*a = 2*z - 1356. Let m = -370 - a. Suppose 7*s - m = 3*s. Is s prime?
False
Let c(t) = t**3 - 12*t**2 + 12*t - 9. Let y(a) = -2*a**2 - 9 + 0*a**3 + 3*a**2 + a**3 + 12*a - 12*a**2. Let v(z) = -5*c(z) + 6*y(z). Is v(8) composite?
True
Suppose i - 3*i = 3*w - 22, 5*w + 2*i = 30. Suppose -1136 = -w*o + 1028. Is o prime?
True
Suppose 2*v - 50848 = -6*v. Suppose v = 4*h + 1896. Is h prime?
False
Suppose -j 